 q(y) = y**3 + 14*y**2 + 16*y - 24. What is the tens digit of q(-12)?
7
Suppose -3*z - 10 = -5*z. Suppose z*i - 16 = i. Suppose j - 12 - 12 = 3*x, i*j = x + 41. What is the units digit of j?
9
Suppose -6*s + 6 = -3*s. Suppose 0 = s*k - 25 + 9. What is the units digit of k?
8
Let a = -223 - -377. What is the tens digit of a?
5
Let u = 37 - 16. What is the tens digit of u?
2
Let c = 4 - 3. Let j(o) = 11*o + 1. What is the tens digit of j(c)?
1
Suppose 0 = 4*k - 24 - 104. What is the tens digit of k?
3
Suppose -5 = 2*p - p. Let q be 4/p*(-25)/10. Suppose 4*w = -o + 23, 3*o + 0 = -q*w - 1. What is the units digit of w?
7
Let l = 0 - -4. Suppose 3*s + l*b = -0*s + 10, -4*s - 3*b = -11. What is the units digit of 1/s - (-3)/6?
1
Suppose 3*s + 2*m - 102 - 24 = 0, 0 = -3*s - 3*m + 129. What is the units digit of s?
0
Let v = 24 - 0. Let f be (-5)/((-15)/(-54)) + 2. Let n = v + f. What is the units digit of n?
8
Suppose 2*z - 3 - 27 = 0. Suppose z = 5*d + c, 0 = -c - c. Suppose d*i = -a + 8, -a - 3*i + 28 = 4*a. What is the units digit of a?
5
Let o(a) = a**2 - 3 + 3*a**2 - 3*a - 5*a**2 + 3*a**2. What is the tens digit of o(-2)?
1
What is the units digit of 68/4 - (2 - -4)/(-3)?
9
Let u(r) = r - 1. Let i be u(2). Let c be i/(-3) + (-7)/(-3). Suppose 0 = 4*x, 0 = -c*y + 5*y - 5*x - 30. What is the tens digit of y?
1
Suppose 0 = -8*u - 246 + 1822. What is the tens digit of u?
9
Let u(l) = 3*l**2 - 6*l + 1. Let x(m) = -4*m**2 + 7*m - 1. Let n(i) = 6*u(i) + 5*x(i). Let b be n(1). What is the units digit of ((-6)/9 - b)*9?
2
Suppose 4*j = -0*j + 8. Let m = j + 1. Suppose -m*y - y = -36. What is the units digit of y?
9
Let h(i) = 5*i**2 - 4*i + 16. What is the tens digit of h(-6)?
2
Suppose -4*m - 45 = -2*a - m, 3*a - 68 = 5*m. Suppose a = 5*r - 24. What is the units digit of r?
9
Let j(c) = -6 + 3*c**2 + 3 + 0 - 3*c + 2. What is the units digit of j(-2)?
7
Suppose 0 = -3*c - 3*f + 66, 3*c - 2*c + 4*f - 34 = 0. What is the units digit of c?
8
Let s(i) = -i**3 + 5*i**2 - i. Let x(o) = -o**2 + 6*o - 1. Let z be x(5). What is the units digit of s(z)?
2
What is the units digit of (-1)/6*3*-18?
9
Let b(h) = 9*h + 5. What is the tens digit of b(2)?
2
Suppose 0 = 4*z - 37 - 27. What is the units digit of z?
6
Let h(w) = w**3 - 2*w**2 - 5*w - 3. Let c(n) be the first derivative of -n**4/4 + 5*n**3/3 - 3*n**2/2 - 3. Let y be c(4). What is the units digit of h(y)?
9
What is the units digit of (-3 - 8/(-4)) + 54?
3
Suppose -c + 4*v - 22 = 0, 4*v = c + 3*v + 7. Let w be (-27)/(-12) - c/(-8). Suppose w*i + 9 = 5*i - 2*l, 2*i = 3*l + 1. What is the units digit of i?
5
Let j(c) = -c**2 - 9*c + 10. Suppose -2 = z + 5. Let v be j(z). Suppose q - 4*q = 4*m - v, 3*m = -2*q + 18. What is the units digit of m?
6
Suppose 2*d - 33 - 27 = 0. Let s = 42 - d. What is the units digit of s?
2
Suppose 0 = -5*c + 511 - 86. What is the units digit of c?
5
Suppose 0 = 2*t + 2*t + 4. What is the units digit of (-82)/(-4) - t/2?
1
Suppose 4*v + 4*s = -22 + 66, 0 = 4*v - 2*s - 14. Let q be 4/v - 10/(-3). Suppose q*p - 5*p - 1 = 2*u, 0 = p - 4*u - 11. What is the units digit of p?
3
Suppose 5*h - 2*u + 348 = 0, -2*h - 3*u - 192 = h. Let m = -47 - h. Let s = m + -14. What is the units digit of s?
7
Let h = 6 + -6. Suppose h*g + 85 = 5*g. What is the units digit of g?
7
Let c be -1 + 19 + -3*1. Suppose -2*r + 7*r - 54 = -3*f, 0 = 2*r - f - c. What is the units digit of r?
9
Let i be (2/(-3))/(3/54). Let n = 14 + i. What is the units digit of n?
2
What is the tens digit of 15/4*(-80)/(-12)?
2
What is the units digit of 18/81 - (-1 + 1371/(-27))?
2
Suppose -4*f + 880 = -2*s - 3*s, -5*f + 1059 = 4*s. Suppose -f + 1496 = -3*d. What is the units digit of d/(-49) + (-2)/(-7)?
9
Let w(a) = -a**2 + 9. Let u be 1 - (-1 - -3)/2. What is the units digit of w(u)?
9
Suppose -3*g = 2*g. Let w = g + -3. What is the units digit of 0 + w + (-4)/(-1)?
1
Let d(n) = n**3 - 20*n**2 + 20*n + 17. What is the tens digit of d(19)?
3
Suppose 2*p - 15 = -3*p. Suppose -5*x = 7*g - 2*g - 30, -p*g = -3. What is the units digit of x?
5
What is the units digit of (-50)/6*6/4*-6?
5
Suppose -2*f = 3*f - 20. Suppose -f = -t + 3. What is the units digit of t?
7
Let o be 27/((-57)/(-12) + -4). Suppose -o - 3 = -k. What is the tens digit of k?
3
Suppose 0 = 2*g + 4*m - 34, -2*g - 3*m - 8 = -43. What is the units digit of g?
9
Suppose t + t = 4. Suppose -26 + 4 = -t*w. What is the units digit of w?
1
Let c(l) = 2*l**2 - 4*l + 6. Let q(n) = 1. Let j(w) = c(w) - 4*q(w). What is the units digit of j(2)?
2
Let r(f) = f**3 - f**2 + f + 150. Let t be r(0). Suppose 3*v - t + 27 = 0. What is the tens digit of v?
4
Let o(u) = -3*u**2 + 7*u - 18. Let m(h) = h**2 + h + 1. Let t(x) = -4*m(x) - o(x). What is the units digit of t(-12)?
2
Suppose 3*i + 8 + 10 = 0. Let r be 63/28*112/i. What is the tens digit of (r/4)/(9/(-18))?
2
Let s(y) = y - 9. Let l be s(11). Suppose 0 = l*k - 7*k + 225. What is the tens digit of k?
4
Let s(n) be the second derivative of n**4/6 - 2*n**3/3 + 3*n**2/2 + 4*n. What is the tens digit of s(4)?
1
Suppose -57 = -5*b + 8*b. Let j = b + 46. What is the units digit of j?
7
Suppose -2*i + 7*i = -20. Let l(k) = -k + 3. What is the units digit of l(i)?
7
Let u = 2 - -2. Suppose 0 = -o + u*o - 39. What is the units digit of o?
3
What is the tens digit of (-21)/(-3 + (-27)/(-12))?
2
Suppose -3*n = 2*i - 51, -3*i + 6*i + 5*n = 74. What is the units digit of i?
3
Suppose 2 - 8 = -h. Suppose h*t = t + 65. What is the tens digit of t?
1
Suppose 3*z = -c + 31, -3*z - 2*c + 26 = -0*c. Let v = 21 + -15. Let k = z - v. What is the units digit of k?
6
Suppose 3*k + 18 = 4*k. Let x = -15 + k. What is the units digit of x?
3
Suppose 0 = 2*n - 4*n + 60. Let o = n - 19. What is the tens digit of o?
1
Let r(i) = 5*i**3 + 2*i**2 - i. What is the units digit of r(1)?
6
Suppose 4*l = 8 - 0. Suppose -4*y = -5*k - l, 0 = -y - 0*k + 3*k - 3. What is the tens digit of 4*5 - 1 - y?
1
Suppose 0 = -2*o + 5 + 5. Suppose 4*l + o*q - 23 = 33, 5*l - 70 = q. What is the units digit of l?
4
Suppose -3*l + 4*k - 18 = -0*k, -12 = 2*l - 5*k. Let z = l - -11. What is the units digit of z?
5
Let i = 60 + -21. What is the units digit of i?
9
Let r = 17 + -16. Suppose -r = -q - 5*c, 0*q + 125 = 5*q + c. What is the units digit of q?
6
Let t = -40 - -71. Suppose -4*y + 6*j + t = j, 4*j = -3*y. Suppose 4*q = -4*m + m + 35, 5*m - 45 = -y*q. What is the units digit of m?
5
Let y be 1 + 16/(-6)*-3. Suppose 43 = 5*i + 8. Let a = y - i. What is the units digit of a?
2
Let i = 6 - 3. Suppose -i*z - 1 = -10. Suppose -5*l + 49 = 2*t - 5*t, l + 1 = -z*t. What is the units digit of l?
8
Let z = 4 + -2. Let i(b) = 3*b + 1. What is the units digit of i(z)?
7
Let o = -253 + 482. What is the tens digit of o?
2
Let x be 0/2*(-4)/(-4). Suppose x*u + 11 = u. What is the tens digit of u?
1
Suppose -5*a - 34 = -2*t, 7*t - 3*t + 5*a - 98 = 0. Suppose t = 2*k + y, k + 5*y = -3*k + 32. What is the tens digit of k?
1
Let f be 0 - 0/(-1) - -2. What is the units digit of 2 + (-3 - f) - -20?
7
Let b = 33 + -23. Let v be 2/b + (-34)/(-5). Suppose 0 = 3*i - v + 1. What is the units digit of i?
2
Suppose -m - 5*o + 26 = 0, -2*m - 10*o - 8 = -15*o. What is the units digit of m?
6
Let j(p) = 9*p**3 + 4*p**2 - 6*p + 2. What is the tens digit of j(2)?
7
Let b(r) = -r**2 + 8*r - 5. Suppose 0 = -4*w + 2*k + 28, -5*w + 4*k = -k - 45. Let p be b(w). Let i = -2 + p. What is the units digit of i?
8
Let s(d) = -d**2 - 12*d + 8. What is the units digit of s(-11)?
9
Let h = 21 - 11. Let q = -20 + 18. Let a = q + h. What is the units digit of a?
8
Let u(q) = 7*q**2 - 6*q - 2. What is the units digit of u(3)?
3
Suppose 3*c + 4 = x + 13, 2 = 2*c - 2*x. Suppose 0 = 2*u - 5*d, 4*u - 8*u = c*d. Suppose 0 = -u*j - 3*j + 33. What is the tens digit of j?
1
Let o = -7 + 27. What is the units digit of o?
0
What is the units digit of 11/22 + 129/2?
5
Suppose -8*k = -4*k. What is the units digit of 1/(-2)*(k + -82)?
1
Let c = 14 - 8. Suppose -2*p + 2 + c = 0. What is the units digit of p?
4
What is the tens digit of 918/15 - 8/(-10)?
6
Suppose -3*j + 14 - 2 = 0. What is the units digit of (1 + -7)/((-6)/j)?
4
Suppose 4*t = 2*b + 90, 3*t - 2*t + 5*b - 17 = 0. Let a(s) = s + 15. Let v be a(-7). Let c = t - v. What i